at is the remainder when 28 is divided by d(8)?
3
Suppose 1 - 16 = -3*c. Suppose -3*l - 76 = -4*n, n + 46 = 4*n - c*l. Calculate the remainder when n is divided by 12.
10
Suppose -19*s - 15*s + 1768 = 0. Calculate the remainder when s is divided by 13.
0
Let d(j) be the third derivative of 0*j + 1/12*j**4 - 7/6*j**3 + 1/60*j**5 + 0 + 6*j**2. Calculate the remainder when d(-7) is divided by 10.
8
Suppose 4*z + g = -28, -g + 2 + 19 = -3*z. Let x = 17 + z. Suppose -3*y = -6*y + 81. Calculate the remainder when y is divided by x.
7
Suppose 4*v = 12, 3*c - 1035 = -2*v - 147. Calculate the remainder when c is divided by 43.
36
Let d = -2119 + 2203. What is the remainder when 183 is divided by d?
15
Let t(f) = 3*f**3 - 30*f**2 - 4. Calculate the remainder when t(11) is divided by 27.
8
Suppose 0 = -4*q + 4*b + 120, 4*q - 2*b = 94 + 18. What is the remainder when q is divided by 10?
6
Let u(m) = 19*m - 53. Calculate the remainder when u(4) is divided by 7.
2
Suppose -22*p + 28 = -8*p. Suppose 3*q + 22 - 5 = c, -c - p*q = -7. Suppose 2*g - 80 = -0*g. Calculate the remainder when g is divided by c.
7
Let x(a) = -a + 4 + 0*a**2 + a**3 + 0*a**2 - a**2 + 7*a**2. Calculate the remainder when (216/(2 + 2))/2 is divided by x(-6).
7
Suppose 0*b + 2*p = 5*b - 5, -2*p + 13 = b. Suppose 0 = 5*m - 0*i + 3*i - 15, 4*m = -2*i + 14. What is the remainder when m is divided by b?
0
Let s be -5 + 3/((-15)/(-50)). Suppose -s*i + 38 = b, 2*b + 5*i - 46 = i. What is the remainder when 38 is divided by b?
12
Suppose f = -3*i + 4 + 13, 0 = 2*i - 3*f + 7. Suppose -5*h + i*h = -17. Suppose 9*t = 12*t - 198. What is the remainder when t is divided by h?
15
Suppose 5*g = -h + 49, -16 = 4*g - 4*h - 60. Calculate the remainder when 528 is divided by g.
8
Let s = 212 - 186. What is the remainder when 69 is divided by s?
17
Let g(o) = -41*o - 81. Calculate the remainder when g(-6) is divided by 9.
3
Let b = 660 + -630. What is the remainder when 84 is divided by b?
24
Let d(v) = -2*v**3 + 11*v**2 + 6*v - 2. What is the remainder when 794 is divided by d(5)?
52
Suppose 0 = -2*w - 4 + 12. Let u be 99 - (w - 1/1). Suppose -5*f + u = f. What is the remainder when 29 is divided by f?
13
Let y(s) = s**3 + 9*s**2 + 16*s + 26. Calculate the remainder when 88 is divided by y(-5).
42
Suppose -2*k = -8*k + 288. Suppose -19*y + k = -13*y. Calculate the remainder when y is divided by 3.
2
Let g(h) = h**3 - 7*h**2 - h - 11. Let c be g(7). Suppose 0 = -o - n + 7, -4*o + 26 + 6 = 3*n. Calculate the remainder when (-3)/c - (-226)/12 is divided by o.
8
Suppose 2*h = 8 - 4. Suppose -2*v + 5*t - 9 = -4, -v = 2*t - h. Suppose 3*l + v*l = 3*d + 42, 4*l - 3*d = 55. Calculate the remainder when 38 is divided by l.
12
Suppose -20 = 4*t - 172. Let z(u) = u**2 + 30*u + 224. What is the remainder when t is divided by z(-19)?
8
What is the remainder when 52 is divided by 4/(-12) - (-217)/21?
2
Let s(f) = -16*f - 74. Calculate the remainder when 345 is divided by s(-9).
65
Let t(i) = i**3 - 16*i**2 + 14*i + 17. Let a be t(15). Suppose j - a = 122. Calculate the remainder when j is divided by 18.
16
Suppose -3*o - 177 = 54. Let w = -18 - o. Calculate the remainder when w is divided by 15.
14
Let b(u) = -u + 18. Let r = -34 + 79. Suppose -7*h + 12*h - r = 0. What is the remainder when 35 is divided by b(h)?
8
Let n(s) = s**2 + 5*s + 2. Let a be n(-6). Suppose 0 = -c + a + 18. Calculate the remainder when 102 is divided by c.
24
Suppose -3*h + 5*h - 6 = 3*l, -3*l = -4*h + 12. Calculate the remainder when (-9 - -1)*(-1)/2 is divided by h.
1
Suppose -44 = -12*b + 16. Calculate the remainder when 25 is divided by b.
0
Let n(k) be the second derivative of -k**4/24 + k**3/2 - k**2 + 4*k. Let j(y) be the first derivative of n(y). What is the remainder when j(-7) is divided by 2?
0
Suppose -12 = -3*k + k. Suppose 5 = k*n - n, 122 = -4*i - 2*n. Let f = 51 + i. What is the remainder when 56 is divided by f?
16
Let m = -281 + 311. What is the remainder when 598 is divided by m?
28
Suppose v = 4*w - 204, -15*v - 32 = -w - 10*v. What is the remainder when 203 is divided by w?
47
Suppose 3*u + 2*v - 14 = u, -12 = -2*u - v. Suppose -t + 3*n = 2*t - 153, 4*t - 206 = u*n. Calculate the remainder when t is divided by 28.
21
Let r = -30 - -30. Suppose r = -3*p + p + 40. What is the remainder when 59 is divided by p?
19
Let d = -309 - -332. Calculate the remainder when 79 is divided by d.
10
Let m = 500 - 175. Suppose 95 = 10*i - m. Calculate the remainder when 81 is divided by i.
39
Let q(u) = -u**2 - 10*u + 20. Let o be q(-13). Let j = o + 48. Calculate the remainder when 114 is divided by j.
27
Suppose -4*s + 4*y + 82 = -82, -205 = -5*s - y. Let b = 41 + -29. Suppose -w + 8 = 3*g, b = -5*g + 2. Calculate the remainder when s is divided by w.
13
Let b = 0 - -3. Suppose 0 = -3*i - b, 3*i + 193 = 4*t - 2*i. What is the remainder when t is divided by (-3)/(-6)*(30 - -2)?
15
Let g be (-33)/(-12) + 4/16. Let o(m) = m - 2*m + g*m + 4. What is the remainder when 26 is divided by o(1)?
2
Let p = -51 - -100. What is the remainder when 56 is divided by p?
7
Suppose 0 = -5*p - 5, 3*r + 2*r - 4*p - 309 = 0. Let d(c) = -1 - 5 + 1 - c. Calculate the remainder when r is divided by d(-21).
13
Let l = 296 + -89. Suppose -3*k + 2*q = -l, 4*k - 152 - 104 = -4*q. Calculate the remainder when k is divided by 35.
32
Suppose y = -4*x + 54, 0*y - 51 = -y - 5*x. What is the remainder when y is divided by 38?
28
Suppose -4*j = -3*h + 37, 5*h + 2*j = -3*j + 85. What is the remainder when h is divided by 11?
4
What is the remainder when 77 is divided by (-6)/(-2) - (-40 - -34)?
5
Let w be (-23)/92 + (-9)/(-4). Suppose -g = -4*t - 46, -105 = -w*g - 3*g - 5*t. Calculate the remainder when 101 is divided by g.
23
Suppose 20*c = 15*c + 10. Suppose 17 = c*x - 4*i + 1, x + 4*i = -4. Calculate the remainder when x is divided by 3.
1
Let w = -506 - -554. What is the remainder when w is divided by 15?
3
Suppose i + 4 = 0, q - i = -8 + 25. Suppose 137 = -0*m + m + f, -3*f - 129 = -m. Let b = -85 + m. Calculate the remainder when b is divided by q.
11
Suppose 627 = 13*z + 79 + 2. Let v = 4 + 7. What is the remainder when z is divided by v?
9
Let i(t) = -15*t + 44. What is the remainder when i(-9) is divided by 16?
3
Suppose -m + 12 = 2*m. Suppose 6*i = m*i. Suppose i = 2*s + 6, -4*v - v = -3*s - 279. Calculate the remainder when v is divided by 11.
10
What is the remainder when (26 - 34) + (858 - 0) is divided by 15?
10
Let c(j) = j**3 - 9*j**2 - 23*j + 44. What is the remainder when 266 is divided by c(11)?
2
Let c = -16 + 31. Calculate the remainder when 329 is divided by c.
14
What is the remainder when 218 - -2 - 0 - (-40 + 39) is divided by 39?
26
Let m = 1485 + -1353. What is the remainder when m is divided by 9?
6
Suppose 200 = 3*h + 2*u, -2*h + 120 + 15 = 3*u. Let s be ((-902)/(-88))/(2/8). Let n = h - s. Calculate the remainder when n is divided by 7.
4
Let g = 383 + -364. What is the remainder when 263 is divided by g?
16
Let f(w) = 2*w + 77. What is the remainder when f(-16) is divided by 23?
22
Let q(n) be the third derivative of -5*n**4/8 + 5*n**3/6 - 3*n**2 - 2. Calculate the remainder when q(-5) is divided by 42.
38
Let s(g) = -g**3 + g**2 + 6*g + 2. Let z be s(-2). Suppose z*c = 5*i + 53, -4*c - 5*i - 33 = -94. Calculate the remainder when 2/5 - (-336)/10 is divided by c.
15
What is the remainder when ((-118)/(-236))/(2/196) is divided by 2?
1
Let b = 15 + 20. Suppose 3*a - 255 = v - 5*v, 3*v - 2*a - 204 = 0. What is the remainder when v is divided by b?
31
Let q(g) = -3*g**3 + 3*g**2 + 6*g + 3. Let f be q(8). Calculate the remainder when f/(-39) + (-10)/65 is divided by 12.
9
Suppose -173 + 33 = -4*d. Let q = -21 + d. Calculate the remainder when 39 is divided by q.
11
Let n = -586 + 820. Calculate the remainder when n is divided by 60.
54
Let s = -19 + 28. Calculate the remainder when (s/(-18))/(((-2)/(-1))/(-404)) is divided by 26.
23
Let y(k) = k**3 - 75*k**2 + 75*k**2 + 12. Let d(i) = 3*i + 3. Calculate the remainder when d(6) is divided by y(0).
9
Let s = 27 - 25. Suppose v + 34 = s*v. Calculate the remainder when 134 is divided by v.
32
Let t = 1209 + -1103. Calculate the remainder when t is divided by 79.
27
Suppose -6*p + 10 = -4*p. Let j(k